 a factor of 350816245?
False
Does 3764 divide 7761356?
False
Does 38 divide 2029306078?
False
Does 2664 divide 1690087465?
False
Is 1640 a factor of 48065120?
True
Does 10 divide 384006824?
False
Is 419653613 a multiple of 151?
True
Is 14680803 a multiple of 77?
False
Is 3187100 a multiple of 3?
False
Is 120 a factor of 191271720?
True
Is 70896276 a multiple of 22?
True
Is 115363046 a multiple of 132?
False
Does 75 divide 183551925?
True
Is 4 a factor of 321789093?
False
Is 10 a factor of 31328638?
False
Is 237116510 a multiple of 17?
True
Is 28 a factor of 141847300?
True
Is 2980856682 a multiple of 9?
True
Is 44 a factor of 128460477?
False
Is 121919558 a multiple of 23?
False
Is 57 a factor of 972516549?
False
Is 781640958 a multiple of 26?
False
Is 740251073 a multiple of 78?
False
Is 4768766 a multiple of 8?
False
Does 131 divide 110159890?
False
Is 13 a factor of 55496623?
True
Is 14 a factor of 240313289?
False
Is 23 a factor of 3017048?
True
Is 1036468030 a multiple of 102?
False
Is 24296461 even?
False
Does 745 divide 853386903?
False
Does 48 divide 183661968?
True
Does 2 divide 16228144?
True
Is 265 a factor of 6359735?
True
Does 2788 divide 248305905?
False
Is 505130 a multiple of 5?
True
Is 4634112 a multiple of 14?
True
Is 892 a factor of 397151071?
False
Does 380 divide 662219315?
False
Is 140133582 a multiple of 131?
True
Is 3184 a factor of 4756571232?
True
Does 78 divide 23428080?
True
Does 55 divide 44935825?
True
Is 49 a factor of 12710551?
True
Is 1862325002 a multiple of 8?
False
Is 28542536 a multiple of 8?
True
Is 78 a factor of 138421452?
True
Is 774183900 a multiple of 15?
True
Does 36 divide 331109386?
False
Is 37933616 a multiple of 9?
False
Is 16 a factor of 2476069485?
False
Is 218942885 a multiple of 303?
False
Is 95 a factor of 2798400845?
True
Is 686 a factor of 786842000?
True
Does 183 divide 663249079?
False
Is 35 a factor of 98965197?
False
Does 3679 divide 689938375?
False
Does 31 divide 6720170?
False
Does 448 divide 684216099?
False
Does 53 divide 359472674?
False
Does 139 divide 214659924?
True
Is 11 a factor of 1946780?
True
Is 627 a factor of 197670528?
True
Does 142 divide 454300884?
True
Is 21322485 a multiple of 266?
False
Is 1176 a factor of 15468021?
False
Is 1348 a factor of 93517500?
True
Does 239 divide 290814357?
False
Is 108 a factor of 38023344?
True
Is 777 a factor of 130402038?
False
Does 20 divide 1274155920?
True
Is 84208480 a multiple of 10?
True
Does 1121 divide 3341050201?
False
Is 52 a factor of 55954665?
False
Does 69 divide 222797992?
False
Is 10818840 a multiple of 12?
True
Is 651 a factor of 7860694?
False
Does 18 divide 9203364?
True
Does 3652 divide 130982632?
True
Does 94 divide 1604883526?
True
Is 12613 a factor of 1912168639?
True
Is 7903 a factor of 760209889?
False
Is 5246792 a multiple of 40?
False
Is 667 a factor of 66033?
True
Is 663 a factor of 20417352?
False
Is 76 a factor of 13658734?
False
Is 2799711264 a multiple of 1776?
True
Is 10336149 a multiple of 215?
False
Is 43 a factor of 512446781?
True
Is 2168702 a multiple of 40?
False
Does 2973 divide 405206307?
False
Is 107170294 a multiple of 1106?
True
Does 943 divide 933404032?
True
Does 13 divide 608827544?
True
Does 11 divide 3845116?
True
Is 6850918 a multiple of 23?
True
Is 266 a factor of 76790893?
False
Does 324 divide 250772656?
False
Does 48 divide 2422492489?
False
Is 39115 a multiple of 334?
False
Is 462 a factor of 135963198?
False
Does 476 divide 235279184?
True
Is 10545301 a multiple of 137?
True
Is 1335 a factor of 25680840?
False
Is 43663632 a multiple of 12?
True
Is 71489316 a multiple of 183?
True
Does 39 divide 10379499?
True
Does 91 divide 3412537530?
False
Is 9171483 a multiple of 9073?
False
Is 204765385 a multiple of 6205?
False
Is 545512417 a multiple of 3?
False
Is 1319649244 a multiple of 1506?
False
Does 229 divide 23656387?
True
Is 205 a factor of 26487820?
False
Is 903533850 a multiple of 1494?
True
Does 84 divide 106210524?
True
Does 85 divide 308036149?
False
Is 90 a factor of 14518245?
False
Is 34 a factor of 3140645?
False
Does 905 divide 612702195?
True
Does 3846 divide 1037281584?
True
Does 1169 divide 531836630?
False
Is 27 a factor of 547411259?
False
Is 36808434 a multiple of 171?
True
Is 435213 a multiple of 20?
False
Is 74503482 a multiple of 409?
False
Is 11828841 a multiple of 44?
False
Is 31 a factor of 839145448?
True
Is 494110040 a multiple of 2179?
True
Is 5183 a factor of 2668369073?
True
Is 6255576 a multiple of 216?
True
Does 2716 divide 173302528?
True
Is 77079564 a multiple of 101?
True
Is 7 a factor of 146734709?
False
Is 178034708 a multiple of 96?
False
Does 625 divide 16045368?
False
Is 8184378 a multiple of 17?
True
Is 1054426151 a multiple of 164?
False
Does 410 divide 441610989?
False
Is 2359706503 a multiple of 111?
False
Is 98666021 a multiple of 1873?
False
Is 401614191 a multiple of 5073?
True
Is 200313965 a multiple of 875?
False
Is 62 a factor of 20969175?
False
Is 40 a factor of 170653164?
False
Does 8 divide 90245546?
False
Does 846 divide 737592714?
True
Is 14 a factor of 13582268?
True
Is 28 a factor of 5637010?
False
Does 530 divide 24443219?
False
Is 846 a factor of 169352280?
True
Is 698 a factor of 1389830066?
False
Is 69 a factor of 252662268?
True
Is 18 a factor of 435055071?
False
Is 3378095 a multiple of 2?
False
Does 1572 divide 3373688064?
True
Does 64 divide 120320?
True
Is 873 a factor of 10963134?
True
Is 918438667 a multiple of 14?
False
Is 18 a factor of 3901950?
True
Is 773 a factor of 581054824?
True
Is 47007849 a multiple of 21?
True
Is 7 a factor of 1499596?
True
Does 174 divide 40358524?
False
Does 56 divide 1907381112?
True
Is 22221378 even?
True
Does 57 divide 13779180?
True
Is 502 a factor of 19788574?
False
Does 39 divide 377953089?
False
Is 490 a factor of 13413260?
True
Is 1920842951 a multiple of 642?
False
Does 25 divide 6548765?
False
Is 761 a factor of 21948001?
True
Is 966956350 a multiple of 67?
False
Is 4204240236 a multiple of 1018?
True
Is 1600 a factor of 38630400?
True
Is 826162700 a multiple of 1706?
False
Is 11 a factor of 3384700879?
False
Is 1826544 a multiple of 12?
True
Is 202 a factor of 20153270?
False
Is 906 a factor of 70292916?
True
Does 139 divide 445320138?
True
Is 892 a factor of 54990910?
False
Is 47624916 a multiple of 403?
False
Is 315827790 a multiple of 28?
False
Does 329 divide 60551511?
False
Is 96 a factor of 43697664?
True
Is 19394864 a multiple of 33?
False
Is 11 a factor of 897460930?
False
Is 15 a factor of 30203175?
True
Is 141289720 a multiple of 520?
True
Is 343 a factor of 46393151?
True
Is 624308238 a multiple of 17?
True
Is 53 a factor of 31965254?
True
Is 574 a factor of 218509746?
True
Does 88 divide 41795424?
True
Does 29 divide 1901900?
False
Is 263 a factor of 36246915?
False
Does 1665 divide 19640340?
True
Is 69 a factor of 28413510?
True
Does 16 divide 90450425?
False
Is 25229712 a multiple of 7?
False
Is 377 a factor of 13908683?
False
Is 227592260 a multiple of 35?
True
Is 838 a factor of 152410347?
False
Is 134576624 a multiple of 104?
True
Is 197339758 a multiple of 6002?
True
Does 4 divide 18937331?
False
Is 41764764 a multiple of 141?
True
Is 395 a factor of 95487695?
True
Is 330208880 a multiple of 931?
False
Is 561 a factor of 161253274?
False
Does 451 divide 34377934?
False
Does 18 divide 7246818?
True
Is 28 a factor of 12333552?
True
Does 2041 divide 302347617?
True
Is 297 a factor of 7121027034?
True
Is 307237734 a multiple of 6?
True
Does 14 divide 339584672?
True
Is 2035068717 a multiple of 60?
False
Is 31093545 a multiple of 7?
True
Is 1298746208 a multiple of 841?
True
Does 8 divide 18903246?
False
Does 1129 divide 2950606047?
False
Does 263 divide 111672693?
True
Is 30024566 a multiple of 1227?
False
Does 214 divide 95076562?
True
Is 1683 a factor of 174798063?
True
Is 449 a factor of 6367647?
False
Does 43 divide 493136093?
False
Is 41803259 a multiple of 154?
False
Is 88769161 a multiple of 70?
False
Does 6 divide 46265921?
False
Does 4202 divide 421104860?
False
Does 2309 divide 27870523?
False
Is 50789704 a multiple of 161?
True
Is 198054522 a multiple of 1758?
True
Is 147 a factor of 2159184216?
True
Does 43 divide 9614301?
False
Is 459736362 a mul